t of 19590259?
0
What is the hundred thousands digit of 3044816?
0
What is the units digit of 481689?
9
What is the units digit of 5316326?
6
What is the thousands digit of 438736?
8
What is the ten millions digit of 13523464?
1
What is the tens digit of 259751?
5
What is the units digit of 830873?
3
What is the ten thousands digit of 426564?
2
What is the thousands digit of 13321564?
1
What is the thousands digit of 1046664?
6
What is the hundreds digit of 393754?
7
What is the hundred thousands digit of 210124?
2
What is the millions digit of 3629412?
3
What is the millions digit of 4418579?
4
What is the hundreds digit of 3335804?
8
What is the hundreds digit of 420895?
8
What is the units digit of 7183695?
5
What is the ten thousands digit of 557169?
5
What is the thousands digit of 20686239?
6
What is the units digit of 704837?
7
What is the units digit of 151641?
1
What is the hundreds digit of 2554819?
8
What is the tens digit of 180329?
2
What is the hundreds digit of 9265426?
4
What is the tens digit of 349629?
2
What is the hundred thousands digit of 3189406?
1
What is the thousands digit of 3104359?
4
What is the tens digit of 2405221?
2
What is the ten thousands digit of 541311?
4
What is the ten millions digit of 10182310?
1
What is the thousands digit of 36785241?
5
What is the tens digit of 4360193?
9
What is the ten thousands digit of 779881?
7
What is the millions digit of 24174561?
4
What is the hundreds digit of 539607?
6
What is the tens digit of 36899?
9
What is the ten thousands digit of 1270140?
7
What is the hundreds digit of 569454?
4
What is the hundreds digit of 458189?
1
What is the thousands digit of 15174680?
4
What is the hundred thousands digit of 1848019?
8
What is the hundred thousands digit of 172185?
1
What is the tens digit of 1702855?
5
What is the units digit of 48376?
6
What is the hundred thousands digit of 673159?
6
What is the ten thousands digit of 1463595?
6
What is the units digit of 852594?
4
What is the ten thousands digit of 50680?
5
What is the tens digit of 467316?
1
What is the millions digit of 7633956?
7
What is the millions digit of 3869702?
3
What is the units digit of 2372021?
1
What is the tens digit of 16765717?
1
What is the hundreds digit of 919617?
6
What is the thousands digit of 3149594?
9
What is the tens digit of 808482?
8
What is the ten thousands digit of 2039912?
3
What is the millions digit of 5506695?
5
What is the thousands digit of 732413?
2
What is the tens digit of 1618454?
5
What is the hundreds digit of 41866?
8
What is the tens digit of 731070?
7
What is the tens digit of 228587?
8
What is the ten thousands digit of 1619005?
1
What is the units digit of 4651315?
5
What is the hundred thousands digit of 3517449?
5
What is the hundreds digit of 934573?
5
What is the hundreds digit of 20513489?
4
What is the ten thousands digit of 19377857?
7
What is the thousands digit of 1559762?
9
What is the units digit of 23346703?
3
What is the ten millions digit of 12539039?
1
What is the units digit of 165987?
7
What is the ten thousands digit of 113220?
1
What is the hundred thousands digit of 371900?
3
What is the thousands digit of 947477?
7
What is the hundreds digit of 287397?
3
What is the thousands digit of 733883?
3
What is the ten thousands digit of 1920650?
2
What is the units digit of 184060?
0
What is the ten thousands digit of 2054601?
5
What is the millions digit of 3579892?
3
What is the thousands digit of 65570?
5
What is the hundred thousands digit of 613161?
6
What is the ten thousands digit of 32530?
3
What is the tens digit of 132036?
3
What is the units digit of 742547?
7
What is the tens digit of 181937?
3
What is the thousands digit of 2308725?
8
What is the tens digit of 116935?
3
What is the hundred thousands digit of 507463?
5
What is the thousands digit of 1092239?
2
What is the ten millions digit of 13659732?
1
What is the hundred thousands digit of 27089670?
0
What is the millions digit of 9017084?
9
What is the thousands digit of 1040248?
0
What is the ten thousands digit of 158697?
5
What is the thousands digit of 513094?
3
What is the hundreds digit of 1106764?
7
What is the millions digit of 3099677?
3
What is the ten thousands digit of 5681443?
8
What is the hundred thousands digit of 6038181?
0
What is the hundred thousands digit of 1999080?
9
What is the tens digit of 269061?
6
What is the hundreds digit of 264280?
2
What is the hundred thousands digit of 1923853?
9
What is the ten thousands digit of 10763?
1
What is the hundreds digit of 15681523?
5
What is the tens digit of 1951642?
4
What is the hundreds digit of 359262?
2
What is the tens digit of 323083?
8
What is the ten thousands digit of 683559?
8
What is the millions digit of 1325056?
1
What is the hundreds digit of 977261?
2
What is the tens digit of 280439?
3
What is the ten thousands digit of 45449?
4
What is the ten thousands digit of 254334?
5
What is the thousands digit of 2411338?
1
What is the thousands digit of 265381?
5
What is the hundred thousands digit of 1142281?
1
What is the ten thousands digit of 4239770?
3
What is the hundreds digit of 453857?
8
What is the millions digit of 13490273?
3
What is the hundreds digit of 112643?
6
What is the tens digit of 2276677?
7
What is the millions digit of 8281666?
8
What is the units digit of 79412?
2
What is the hundred thousands digit of 414016?
4
What is the units digit of 12685?
5
What is the ten thousands digit of 2782873?
8
What is the ten thousands digit of 26866228?
6
What is the millions digit of 24611679?
4
What is the units digit of 1214105?
5
What is the ten thousands digit of 46012?
4
What is the millions digit of 2500720?
2
What is the thousands digit of 2020937?
0
What is the hundreds digit of 18181516?
5
What is the units digit of 12200853?
3
What is the thousands digit of 246775?
6
What is the millions digit of 24593486?
4
What is the millions digit of 32907869?
2
What is the thousands digit of 1231876?
1
What is the hundreds digit of 1826956?
9
What is the ten thousands digit of 187615?
8
What is the thousands digit of 228238?
8
What is the hundreds digit of 294520?
5
What is the hundreds digit of 139527?
5
What is the hundreds digit of 261292?
2
What is the millions digit of 2915798?
2
What is the ten thousands digit of 4236458?
3
What is the units digit of 5061671?
1
What is the thousands digit of 134283?
4
What is the units digit of 51760?
0
What is the units digit of 2811411?
1
What is the hundreds digit of 633714?
7
What is the units digit of 404771?
1
What is the units digit of 2289358?
8
What is the tens digit of 188568?
6
What is the thousands digit of 36921118?
1
What is the hundreds digit of 246470?
4
What is the hundreds digit of 3743564?
5
What is the ten thousands digit of 17598484?
9
What is the thousands digit of 3882519?
2
What is the units digit of 222253?
3
What is the tens digit of 2605646?
4
What is the ten thousands digit of 559799?
5
What is the ten thousands digit of 33490?
3
What is the tens digit of 17055578?
7
What is the ten thousands digit of 866669?
6
What is the ten thousands digit of 7886951?
8
What is the units digit of 4094996?
6
What is the thousands digit of 593946?
3
What is the tens digit of 1022976?
7
What is the units digit of 1173183?
3
What is the millions digit of 2341950?
2
What is the thousands digit of 3337?
3
What is the tens digit of 368138?
3
What is the thousands digit of 678711?
8
What is the tens digit of 1163134?
3
What is the tens digit of 417698?
9
What is the ten millions digit of 18279001?
1
What is the hundreds digit of 938693?
6
What is the hundreds digit of 2481568?
5
What is the thousands digit of 920038?
0
What is the units digit of 34341759?
9
What is the thousands digit of 252428?
2
What is the millions digit of 10062564?
0
What is the millions digit of 38565443?
8
What is the millions digit of 2682755?
2
What is the thousands digit of 344775?
4
What is the hundreds digit of 604239?
2
What is the thousands digit of 3754728?
4
What is the units digit of 15633775?
5
What is the tens digit of 8647286?
8
What is the hundred thousands digit of 121583?
1
What is the units digit of 791794?
4
What is the hundred thousands digit of 2346678?
3
What is the 